{"id":2,"date":"2016-05-10T03:48:21","date_gmt":"2016-05-10T03:48:21","guid":{"rendered":"https:\/\/www.slowodlakultury.pl\/?page_id=2"},"modified":"2022-08-01T09:54:02","modified_gmt":"2022-08-01T09:54:02","slug":"sample-page","status":"publish","type":"page","link":"https:\/\/www.slowodlakultury.pl\/?page_id=2","title":{"rendered":"O mnie"},"content":{"rendered":"\n<p>Pisz\u0119 o tym, co mnie zaintryguje, zainspiruje, zaciekawi. <\/p>\n\n\n\n<p>Jedno zdanie. Wiele tre\u015bci. Przeczytaj i zr\u00f3b z tym co chcesz.<\/p>\n\n\n\n<div class=\"wp-block-image\"><figure class=\"alignleft\"><img decoding=\"async\" src=\"https:\/\/eszkola.pl\/img\/galleries\/thumb\/home\/Claude_Monet_Impresja_wschod_slonca.jpg\" alt=\"\"\/><figcaption>Claude Monet, <em>Impresja. Wsch\u00f3d s\u0142o\u0144ca<\/em> (1872)<\/figcaption><\/figure><\/div>\n\n\n\n<p><\/p>\n","protected":false},"excerpt":{"rendered":"<p>Pisz\u0119 o tym, co mnie zaintryguje, zainspiruje, zaciekawi. Jedno zdanie. [&#8230;]<\/p>\n","protected":false},"author":1,"featured_media":0,"parent":0,"menu_order":0,"comment_status":"closed","ping_status":"open","template":"","meta":{"footnotes":""},"class_list":["post-2","page","type-page","status-publish","hentry"],"_links":{"self":[{"href":"https:\/\/www.slowodlakultury.pl\/index.php?rest_route=\/wp\/v2\/pages\/2","targetHints":{"allow":["GET"]}}],"collection":[{"href":"https:\/\/www.slowodlakultury.pl\/index.php?rest_route=\/wp\/v2\/pages"}],"about":[{"href":"https:\/\/www.slowodlakultury.pl\/index.php?rest_route=\/wp\/v2\/types\/page"}],"author":[{"embeddable":true,"href":"https:\/\/www.slowodlakultury.pl\/index.php?rest_route=\/wp\/v2\/users\/1"}],"replies":[{"embeddable":true,"href":"https:\/\/www.slowodlakultury.pl\/index.php?rest_route=%2Fwp%2Fv2%2Fcomments&post=2"}],"version-history":[{"count":2,"href":"https:\/\/www.slowodlakultury.pl\/index.php?rest_route=\/wp\/v2\/pages\/2\/revisions"}],"predecessor-version":[{"id":68,"href":"https:\/\/www.slowodlakultury.pl\/index.php?rest_route=\/wp\/v2\/pages\/2\/revisions\/68"}],"wp:attachment":[{"href":"https:\/\/www.slowodlakultury.pl\/index.php?rest_route=%2Fwp%2Fv2%2Fmedia&parent=2"}],"curies":[{"name":"wp","href":"https:\/\/api.w.org\/{rel}","templated":true}]}}